e (0/1)/3 + 5. Let l = j + -1. Calculate the highest common factor of l and 10.
2
Let b(m) = -23*m**3 - 3*m**2 - 2*m. Let i be b(-2). Suppose a + 3 = 2. Let g be ((-16)/(-24))/(a/(-33)). Calculate the highest common factor of i and g.
22
Let l = 3 - -4. Suppose 4*d - 90 = d. Let j be 5/(-2 - d/(-14)). Calculate the highest common factor of l and j.
7
Suppose l + 20 = 5*q, -l - 7 = -q - 3. Let p(r) = -r**3 + r**2 - r + 4. Let w be p(0). What is the greatest common factor of w and q?
4
Let w(y) = y**2 + y - 19. Let t be w(0). Suppose 0 = -2*d - d, 5*d = -u - 109. Let h = t - u. Calculate the highest common divisor of h and 10.
10
Let w(z) be the second derivative of 89*z**5/20 + z**4/6 - z**2/2 - z. Let h be w(1). Calculate the greatest common divisor of 10 and h.
10
Suppose -2*j - 14 = -0. Let f be (-1 - -16)/((-1)/j). Calculate the highest common divisor of f and 15.
15
Let b = 3 + 2. What is the greatest common divisor of 35 and b?
5
Let u = -2 + 2. Suppose 4*x - 6 - 50 = u. Suppose -s - 2 = -9. What is the highest common factor of s and x?
7
Suppose 0 = -2*r + 6*v - v - 4, -5*r - 2*v = 68. Let y = -7 - r. Suppose -18 = -y*u + 22. What is the greatest common divisor of u and 8?
8
Suppose 0 = -c - 0*c + 2. Let n be (c/(-6))/((-4)/48). Calculate the highest common factor of n and 16.
4
Suppose -3*s = 2*s - 360. Let u be (-1 + 2)/(3/s). Calculate the highest common factor of u and 12.
12
Let t(x) = -x**3 + 4*x**2 + 6*x - 2. Let s be t(5). Suppose -3*b = h - 36, -4*h = s*b - 0 - 36. Calculate the highest common divisor of b and 8.
4
Let i be (-3)/(-7) - 1353/21. Let t be i/(-4) + -3 + -1. What is the highest common divisor of 36 and t?
12
Let l(w) = 2*w**3 - 27*w**2 + 12*w + 17. Let x be l(13). Calculate the highest common divisor of 2 and x.
2
Let k(s) = 6*s + 1. Let c be k(-1). Let z(l) = l + 9. Let n be z(c). Calculate the highest common divisor of n and 2.
2
Suppose -2*d - 12 = -5*d. Suppose 3*c + 9 = 0, 23 + 15 = 2*y - d*c. Suppose -5*h + 4*u + 309 = 8*u, 2*u = -8. Calculate the greatest common factor of h and y.
13
Suppose -3 = -3*m + 6. Let t = m - 4. Let c = 46 + t. Calculate the highest common divisor of 30 and c.
15
Suppose -c - 30 = -6*c. What is the highest common factor of 12 and c?
6
Let d(x) = -x**2 + 2*x + 2. Let q be d(7). Let k be (-600)/q - (-4)/(-22). Calculate the highest common divisor of 54 and k.
18
Let j be (15/(-9))/(1/(-132)). What is the greatest common factor of 22 and j?
22
Let f(t) = -t**3 - 3*t**2 + 5*t. Suppose -3 = 5*n + 22. Let o be f(n). Calculate the greatest common divisor of 5 and o.
5
Let l be 3 + -1 + 0/1. Suppose -53 = 2*k - 17. Let z be (-14 - l)/(3/k). Calculate the highest common divisor of 12 and z.
12
Suppose 39 = 5*o + 4*n - 39, -2*o = 5*n - 38. What is the greatest common factor of 35 and o?
7
Let s(r) = r + 2. Let o = 1 - -1. Let x be s(o). Suppose -x*g + 20 = -8. Calculate the highest common divisor of g and 7.
7
Let b = 9 + -14. Let r be b/(4/(2 + -6)). Calculate the highest common factor of 2 and r.
1
Let j = -592 - -997. Suppose 5*m = 5*u + j, 2*m + 4*u - 158 = 2*u. Suppose 0*d - 128 = -4*d. Calculate the highest common divisor of d and m.
16
Let k(c) = -2*c. Let h be k(1). Let f be 3*(h + (-3)/(-1)). Let u be f/5*(-2 - -17). Calculate the greatest common factor of 45 and u.
9
Suppose 2*m - 178 = -2*x, 3*m - x = 211 + 52. Calculate the highest common factor of m and 8.
8
Suppose r - 6 = -b, 4*b - 12 = 5*r - 42. Calculate the greatest common divisor of 39 and r.
3
Let k = -8 + 13. Let z be 3/15 + (-11)/k. Let y be (1 - z) + (-2)/2. Calculate the highest common factor of 22 and y.
2
Suppose 5*z - 3*p - 126 = -5*p, 0 = -3*z + 4*p + 60. Calculate the highest common factor of z and 216.
24
Let s = -44 - -68. Suppose 4*g + i = -3*i + s, 4*g - 5*i + 12 = 0. Let b(l) = -10*l - 2. Let z be b(-1). What is the greatest common factor of g and z?
2
Let w = -11 + 14. Suppose 16 = -z + w*z. Calculate the highest common divisor of z and 40.
8
Suppose -40 = -6*a + 5*a. Calculate the highest common divisor of a and 16.
8
Let x = 6 + -4. Suppose 0 = i - x*i + 10. What is the highest common factor of 10 and i?
10
Suppose -195 = z - 4*z. Suppose -3*m - 2*m + 4*b - 217 = 0, 4*m = -3*b - 186. Let r = m + z. What is the highest common factor of 4 and r?
4
Suppose 33 = 6*t - 3*t. Let d(h) = 30*h**2 - h - 1. Let j be d(-2). What is the highest common divisor of t and j?
11
Let q(m) = 5*m**2 + m + 2. Let t be q(-2). Let w(s) = 2*s**3 + 15*s**2 - 27*s + 5. Let c be w(-9). What is the highest common divisor of t and c?
5
Let l be 1/3*(-19 - -217). What is the highest common divisor of 22 and l?
22
Let r be (-6)/5*(-95)/57. What is the greatest common factor of r and 2?
2
Let g be 0*(15/(-9))/5 - -8. What is the highest common factor of 88 and g?
8
Let q(n) = -n - 1. Let m(t) = 8*t + 12. Let d(g) = m(g) + 6*q(g). Let b be d(6). Calculate the highest common divisor of b and 6.
6
Suppose -3*n + 46 = 19. Calculate the greatest common divisor of 45 and n.
9
Suppose -5*x = 3*g - 35, -g = 4*x - 4*g - 1. Suppose 15 = x*i - 13. Calculate the highest common factor of 56 and i.
7
Let a = 39 + 146. Calculate the greatest common factor of 74 and a.
37
Let h = 175 + -112. Let b(c) = 2*c - 3*c**2 - 1 - c**3 + c**2 + 3*c**2. Let r be b(-2). Calculate the greatest common factor of r and h.
7
Let f be (-4)/(-18)*3 + (-1320)/(-45). Calculate the highest common factor of f and 6.
6
Suppose -5*j + 3*l + 97 + 104 = 0, -5*j + 4*l = -198. What is the highest common factor of 56 and j?
14
Suppose 0 = 4*k + 4*m - 212, -1 - 8 = -3*m. Let b be 1/((-9)/10 + 1). What is the highest common factor of k and b?
10
Let w = -1 + 25. Calculate the greatest common divisor of 48 and w.
24
Suppose 0 = -7*r + 2 + 5. What is the greatest common factor of r and 3?
1
Suppose 4*g - 4 = 4*l, -3*g - 5*l + 2 + 1 = 0. Let z(m) = m**3 - 8*m**2 - 7*m - 10. Let k be z(9). Calculate the greatest common factor of g and k.
1
Let p(g) = g**3 - g**2 + 4. Let c be p(0). Suppose -3*l + c = -104. Calculate the highest common factor of 24 and l.
12
Let w be (-26)/(-4)*20*1. Suppose 0 = -2*t - 3 + 1. Let v(l) = -13*l. Let r be v(t). What is the greatest common divisor of r and w?
13
Let j be -2*2 + 0/1. Let y(s) = 3*s + 4*s**2 + s - 6*s + s**3 - 2. Let u be y(j). Calculate the greatest common divisor of 54 and u.
6
Let c(s) = 2*s**2 + 9*s + 8. Let i be c(-8). Calculate the greatest common factor of 8 and i.
8
Let r(s) = 3*s**3 - 4*s**2 + 4*s - 2. Let x be r(3). Let g be 3 + 0 + (-2)/4*-4. What is the highest common divisor of g and x?
5
Let x be ((-3)/(-2))/(3/4). Suppose -3*c + 176 = 2*u, -x*u - 3*u + 50 = c. Let m be -3*(c/9)/(-2). Calculate the greatest common divisor of 10 and m.
10
Let y(v) = 4*v - 5. Let t be y(4). Let w = -22 + 24. Suppose 2*u - 34 = w*a, 11 = 3*u - 4*a - 35. What is the highest common divisor of u and t?
11
Let g be (0 + 1)*(-2 - -15). Calculate the greatest common divisor of 130 and g.
13
Suppose -2*z = 3*t - 11, 3*z - 18 = -2*t - z. Let c be (0/(6/3))/t. Let o be (c - -2)*(-18)/(-4). Calculate the highest common divisor of o and 81.
9
Suppose -w = -1 - 8. Calculate the greatest common factor of w and 27.
9
Let r be ((-80)/15)/((-2)/63). What is the greatest common divisor of r and 21?
21
Suppose 41 = 5*z - 9. Calculate the greatest common factor of z and 50.
10
Suppose -2*l + 645 - 69 = 0. Calculate the highest common factor of l and 32.
32
Let b(a) = -71*a + 1. Let j be b(2). Let l be 2/(-5) + j/(-15). Suppose 4*d - 7 - l = 0. What is the highest common divisor of 4 and d?
4
Suppose 0 = -4*h + 40. What is the greatest common divisor of h and 80?
10
Suppose 4*s - 10 = -5*y + 9, -2*s = -2. Suppose -5*w + 3*z + 201 = 2*z, -y*w + 119 = z. What is the highest common divisor of w and 16?
8
Suppose 3 = 5*y + 23, -3*y = 5*c + 32. Let s = 6 + c. Suppose 0 = -4*a + 5*k + 216, -s*a + 3*a - k = 54. Calculate the greatest common factor of a and 9.
9
Let z = 7 - 0. Let h be (-6)/(-15) - (-264)/40. What is the greatest common divisor of z and h?
7
Let t = -4 - -3. Let f be t - (5 + -4)*-25. Calculate the highest common divisor of f and 16.
8
Suppose 0 = 3*d + 5*c + 14, 0 = c + 5 - 1. Suppose -2*y - j + 2*j + 8 = 0, 0 = -y - 4*j + 22. Calculate the highest common di